{"id":257,"date":"2026-01-27T15:37:15","date_gmt":"2026-01-27T14:37:15","guid":{"rendered":"https:\/\/test.cr8it.pl\/?product=lampiony-led"},"modified":"2026-01-27T15:37:15","modified_gmt":"2026-01-27T14:37:15","slug":"lampiony-led","status":"publish","type":"product","link":"https:\/\/test.cr8it.pl\/?product=lampiony-led","title":{"rendered":"Lampiony LED"},"content":{"rendered":"<p>Metalowe lampiony ze \u015bwiec\u0105 LED w kolorze bia\u0142ym, wykorzystywane do dekoracji w ko\u015bcio\u0142ach. Estetyczne i trwa\u0142e, zapewniaj\u0105 bezpieczne,  \u015bwiat\u0142o o spokojnym, eleganckim charakterze. Idealne do wn\u0119trz sakralnych oraz miejsc modlitwy.<\/p>\n","protected":false},"excerpt":{"rendered":"<p>Metalowe lampiony ze \u015bwiec\u0105 LED w kolorze bia\u0142ym, wykorzystywane do dekoracji w ko\u015bcio\u0142ach. Estetyczne i trwa\u0142e, zapewniaj\u0105 bezpieczne, \u015bwiat\u0142o o spokojnym, eleganckim charakterze. Idealne do wn\u0119trz sakralnych oraz miejsc modlitwy.<\/p>\n","protected":false},"featured_media":0,"comment_status":"open","ping_status":"closed","template":"","meta":{"_kad_blocks_custom_css":"","_kad_blocks_head_custom_js":"","_kad_blocks_body_custom_js":"","_kad_blocks_footer_custom_js":"","_kadence_starter_templates_imported_post":false,"_kad_post_transparent":"","_kad_post_title":"","_kad_post_layout":"","_kad_post_sidebar_id":"","_kad_post_content_style":"","_kad_post_vertical_padding":"","_kad_post_feature":"","_kad_post_feature_position":"","_kad_post_header":false,"_kad_post_footer":false},"product_brand":[],"product_cat":[116],"product_tag":[],"class_list":{"0":"post-257","1":"product","2":"type-product","3":"status-publish","5":"product_cat-lampiony","7":"first","8":"instock","9":"shipping-taxable","10":"purchasable","11":"product-type-simple","12":"entry","13":"content-bg","14":"loop-entry"},"taxonomy_info":{"product_cat":[{"value":116,"label":"lampiony"}]},"featured_image_src_large":false,"author_info":[],"comment_info":0,"_links":{"self":[{"href":"https:\/\/test.cr8it.pl\/index.php?rest_route=\/wp\/v2\/product\/257","targetHints":{"allow":["GET"]}}],"collection":[{"href":"https:\/\/test.cr8it.pl\/index.php?rest_route=\/wp\/v2\/product"}],"about":[{"href":"https:\/\/test.cr8it.pl\/index.php?rest_route=\/wp\/v2\/types\/product"}],"replies":[{"embeddable":true,"href":"https:\/\/test.cr8it.pl\/index.php?rest_route=%2Fwp%2Fv2%2Fcomments&post=257"}],"wp:attachment":[{"href":"https:\/\/test.cr8it.pl\/index.php?rest_route=%2Fwp%2Fv2%2Fmedia&parent=257"}],"wp:term":[{"taxonomy":"product_brand","embeddable":true,"href":"https:\/\/test.cr8it.pl\/index.php?rest_route=%2Fwp%2Fv2%2Fproduct_brand&post=257"},{"taxonomy":"product_cat","embeddable":true,"href":"https:\/\/test.cr8it.pl\/index.php?rest_route=%2Fwp%2Fv2%2Fproduct_cat&post=257"},{"taxonomy":"product_tag","embeddable":true,"href":"https:\/\/test.cr8it.pl\/index.php?rest_route=%2Fwp%2Fv2%2Fproduct_tag&post=257"}],"curies":[{"name":"wp","href":"https:\/\/api.w.org\/{rel}","templated":true}]}}